 - 14214. Determine i(-15).
96
Let p(q) = -2*q**3 - 211*q**2 - 2686*q - 1738. What is p(-14)?
-2
Let x(g) = -g**2 + 873*g - 2713. Determine x(0).
-2713
Let p(i) = 2*i**2 + 108*i + 893. Calculate p(-16).
-323
Let f(g) = g**3 - 95*g**2 - 110*g + 1330. Determine f(96).
-14
Let s(c) = 292415*c - 6140717. What is s(21)?
-2
Let q(k) = 26*k**2 + 1635*k - 174. Give q(-63).
15
Let x(d) = 708120*d - 2124394. What is x(3)?
-34
Let i(p) = 11531*p + 461246. What is i(-40)?
6
Let d(y) = -8*y**3 - 2*y**2 + 138*y - 15. Calculate d(6).
-987
Let b(u) = u**2 + 55*u + 526. Determine b(-42).
-20
Let j(r) = r**3 + 45*r**2 + 516*r + 97. Calculate j(-23).
-133
Let v(i) = -15*i**3 - 46*i**2 - 2173*i - 6528. Give v(-3).
-18
Let x(d) = -d**3 + 2880*d**2 + 38*d + 2. What is x(0)?
2
Let z(c) = 4591*c**3 + 2*c**2 + 721*c - 721. What is z(1)?
4593
Let m(q) = 189*q - 22099. Determine m(124).
1337
Let u(h) = -h**2 + 28*h + 13085. What is u(-101)?
56
Let f(y) = -326*y - 39159. Calculate f(-120).
-39
Let d(n) = 6942*n**2 + 478996*n - 149. Calculate d(-69).
-11
Let k(l) = -2*l**2 + 76838*l + 1383761. Determine k(-18).
29
Let b(u) = 2239906*u + 4479804. Determine b(-2).
-8
Let z(r) = 2*r**3 + 11*r**2 + 222*r + 2161. Calculate z(-9).
-404
Let x(p) = -p**2 + 93*p - 606. What is x(80)?
434
Let i(h) = 38*h**3 - 180*h**2 + h + 30. Determine i(5).
285
Let i(d) = -d**2 + 60*d + 4. Give i(0).
4
Let p(x) = -2*x**3 - 270*x**2 - 4410*x - 209. Give p(-116).
23
Let x(l) = -608964*l**2 - 4262750*l - 20. What is x(-7)?
-6
Let u(x) = 5*x**3 + 979*x**2 - 254*x - 11350. What is u(-196)?
18
Let i(n) = -6*n**3 + 4*n**2 + 178*n - 537. Calculate i(3).
-129
Let c(p) = -13*p**3 - 212*p**2 - 859*p - 83. Calculate c(-8).
-123
Let r(w) = 9*w**2 - 1176*w - 3061. Calculate r(133).
-268
Let v(g) = -772*g**3 + 152091*g**2 - 1380*g + 190. Calculate v(197).
-7
Let r(k) = -k**3 + 23*k**2 - 322*k + 6874. Calculate r(22).
274
Let d(j) = -j**2 + 31*j - 177. What is d(8)?
7
Let d(s) = 18665*s - 17881068. Determine d(958).
2
Let y(t) = -1459*t + 33518. Determine y(23).
-39
Let l(b) = -b**2 - 2057*b + 39480. What is l(19)?
36
Let h(o) = 356*o - 159129. Calculate h(447).
3
Let v(k) = k**3 + 1079*k**2 - 994*k + 92901. Calculate v(-1080).
21
Let y(w) = -3*w**3 - 77*w**2 - 427*w - 13. What is y(-6)?
425
Let h(q) = 4*q**2 + 29*q + 506. Give h(-12).
734
Let k(j) = -195*j + 3379. Calculate k(17).
64
Let l(c) = 3406*c**2 - 68120*c + 5. Give l(20).
5
Let u(h) = 143*h - 8198. What is u(52)?
-762
Let d(a) = -168*a + 7524. Give d(46).
-204
Let s(y) = 43006*y + 43033. Give s(-1).
27
Let t(s) = -12*s**2 - 597*s + 4339. What is t(7)?
-428
Let z(r) = 5*r**2 + 4*r - 57. Give z(-6).
99
Let v(t) = 896*t - 8982. Calculate v(10).
-22
Let l(s) = -2*s**3 + 3467*s**2 + 140088*s - 37241. What is l(1773)?
-8
Let u(i) = -1777*i - 5290. Determine u(-3).
41
Let o(y) = -465*y - 51214. Give o(-110).
-64
Let f(g) = 2548*g - 1684239. Determine f(661).
-11
Let s(o) = -o**3 + 23*o**2 - 346*o + 1587. Calculate s(7).
-51
Let g(w) = -w**3 + 90*w**2 - 101*w + 1981. Calculate g(89).
913
Let y(n) = -2*n**3 - 61*n**2 + 1375*n - 149. Determine y(15).
1
Let r(y) = -8632*y + 14916097. Determine r(1728).
1
Let d(h) = 4*h**3 + 2411*h**2 - 3019*h + 626. What is d(-604)?
22
Let c(k) = -236061*k - 944246. Give c(-4).
-2
Let m(y) = 1472*y - 3206. Determine m(2).
-262
Let w(h) = -14*h**2 - 1736*h - 58. Determine w(-124).
-58
Let g(w) = w**3 - 50*w**2 - 1244*w + 1339. Give g(68).
-21
Let q(w) = 14593*w - 291881. Give q(20).
-21
Let x(d) = -d**3 + 36*d**2 - 50*d + 2733. What is x(37)?
-486
Let t(g) = g**3 - 2*g**2 - 72*g - 9. Determine t(10).
71
Let o(l) = -l**3 + 69*l**2 - 571*l + 35. Give o(9).
-244
Let m(g) = -g**3 + 66*g**2 - 449*g - 19713. Give m(31).
3
Let h(t) = t**3 - 90*t**2 + 816*t + 4090. What is h(79)?
-97
Let i(s) = 30*s**2 - 831*s - 6059. Give i(-6).
7
Let n(j) = 4*j**3 + 703*j**2 - 169*j + 1231. Give n(-176).
-1
Let p(n) = -6*n**2 + 138*n - 613. Calculate p(18).
-73
Let j(t) = 55*t - 657. Determine j(12).
3
Let c(j) = -163390*j - 163266. Calculate c(-1).
124
Let y(d) = -56604*d - 339440. Calculate y(-6).
184
Let u(b) = -43114*b + 4742508. Give u(110).
-32
Let f(m) = -2*m**3 - 91*m**2 - 235*m - 864. Determine f(-43).
-4
Let g(j) = j**3 - 10*j**2 - 135*j + 189. What is g(-8)?
117
Let a(q) = -237279*q - 1186491. Give a(-5).
-96
Let z(m) = -m**2 + 160*m - 6416. Give z(75).
-41
Let b(d) = 8*d**2 + 692*d + 9861. Give b(-18).
-3
Let w(i) = i**3 - 23*i**2 - 198*i - 7722. Determine w(35).
48
Let s(f) = f**3 - 120*f**2 + 208*f + 149. Determine s(118).
-3155
Let u(p) = -227*p**2 - 22924*p + 294. What is u(-101)?
-9
Let t(w) = 11*w**2 - 130*w - 405. Calculate t(17).
564
Let w(a) = 5*a**3 - 933*a**2 + 4166*a + 3615. Give w(182).
-25
Let x(k) = -k**3 - 52*k**2 - 619*k + 1270. Determine x(-24).
-2
Let b(j) = -494*j - 3629. Calculate b(-8).
323
Let s(i) = -7724*i - 1158603. What is s(-150)?
-3
Let q(o) = -45*o**2 - 366*o - 16. Determine q(-6).
560
Let g(j) = -j**2 + 27139*j - 8846963. Calculate g(330).
7
Let z(j) = 23908*j - 95618. Give z(4).
14
Let u(j) = 59*j**2 + 4208*j - 64664. What is u(13)?
11
Let d(k) = 10085*k - 7150274. Calculate d(709).
-9
Let u(v) = -2*v**2 + 5969*v + 83938. Give u(-14).
-20
Let f(i) = i**3 - 39*i**2 + 11*i - 339. What is f(39)?
90
Let i(o) = -4278*o + 4342. Give i(1).
64
Let m(a) = a**2 - 931*a + 101845. Calculate m(804).
-263
Let w(n) = -3*n**2 - 207*n + 16254. Determine w(-115).
384
Let p(w) = 855*w + 141948. Give p(-166).
18
Let p(g) = 3*g**2 - 207*g + 1125. Calculate p(6).
-9
Let a(q) = 854*q - 54215. Determine a(64).
441
Let o(v) = -40*v**2 - 274*v - 363. Determine o(-10).
-1623
Let a(h) = h**2 - 3417*h + 27276. Determine a(8).
4
Let h(j) = 3*j**3 - 4*j**2 + 23*j + 81. Determine h(-3).
-105
Let x(a) = 19076*a - 515060. Give x(27).
-8
Let b(h) = 248*h - 14829. Calculate b(61).
299
Let k(s) = -s**3 - 38*s**2 + 132*s + 41. What is k(-41)?
-328
Let u(o) = -3*o**2 - 52*o + 3754. Give u(-46).
-202
Let z(i) = 17*i - 15691. Give z(923).
0
Let f(s) = s**3 + 16*s**2 + 257*s + 2212. Calculate f(-9).
466
Let x(i) = 37*i**3 + 7845*i**2 + 248*i + 7554. Give x(-212).
-78
Let i(m) = -m**2 + 70*m - 10. Determine i(42).
1166
Let y(v) = 3*v**3 + 104*v**2 - 45*v + 134. Calculate y(-34).
3976
Let l(t) = -254*t + 9041. Determine l(38).
-611
Let t(w) = -4*w**3 - 65*w**2 - 72*w + 146. Calculate t(-15).
101
Let i(s) = -1615*s - 13. Determine i(0).
-13
Let a(b) = -b**3 - 154*b**2 - 390*b - 36249. Calculate a(-153).
12
Let m(d) = -8*d**2 + 437*d + 2783. Calculate m(-6).
-127
Let q(r) = 367830*r - 3310463. Give q(9).
7
Let f(o) = -15*o**3 - 15*o**2 + 92*o + 274. What is f(-3)?
268
Let h(t) = 31618*t + 158090. Give h(-5).
0
Let x(r) = -21*r**3 + 17*r**2 + 65*r + 22. Give x(-3).
547
Let y(r) = -577*r - 5995. Determine y(-14).
2083
Let q(f) = 6550*f - 1126604. What is q(172)?
-4
Let k(r) = -4*r**3 - 5*r**2 + 112*r - 755. Give k(7).
-1588
Let k(j) = -8665*j - 34966. Calculate k(-4).
-306
Let c(m) = m**3 + 11*m**2 - 5*m - 11. Give c(-7).
220
Let b(j) = -j**2 + 1358*j - 276142. Give b(249).
-1
Let l(s) = 4*s**2 - 6*s - 1096. Determine l(29).
2094
Let x(d) = -2*d**2 + 54*d + 1225. What is x(-20)?
-655
Let m(p) = -406222*p - 8. Determine m(0).
-8
Let p(i) = -6*i**2 + 5*i - 10. What is p(-8)?
-434
Let u(w) = 10*w**2 + 178*w + 665. What is u(-13)?
41
Let t(b) = 4*b**2 - 889*b + 6012. What is t(7)?
-15
Let k(l) = -19*l**2 + 521*l + 876. Calculate k(29).
6
Let f(w) = 2*w**3 + 184*w**2 - 38*w - 3457. Calculate f(-92).
39
Let t(b) = b**3 + 66*b**2 + 209*b - 5779. Give t(-61).
77
Let d(f) = -2*f**3 - 88*f**2 + 228*f + 2018. Determine d(-46).
-6
Let z(b) = -3540*b + 2297464. Calculate z(649).
4
Let b(k) = -6829*k - 198438. What is b(-29)?
-397
Let w(h) = -h**2 - 846*h + 55343. Calculate w(61).
16
Let s(p) = 24226*p + 411838. Give s(-17).
-4
Let j(n) = 3*n**3 - 475*n**2 + 10430*n - 265. Calculate j(132).
-1
Let z(l) = 8*l**2 + 383*l - 4401. Determine z(-57).
-240
Let g(a) = 28*a**2 - 55*a - 20410. What is g(28)?
2
Let g(q) = 1883*q + 48906. Determine g(-26).
-52
Let f(d) = 16377*d - 1867065. Give f(114).
-87
Let z(w) = 2*w**2 + 435*w - 2492. Calculate z(-229).
2775
Let d(x) = 8392*x + 30943. What is d(-4)?
-2625
Let y(i) = -32*i**2 - 767*i - 3841. What is y(-5)?
-806
Let q(g) = 